v - 19 = 0. Let c(r) = 6*r + r - 2*r**2 - 3*r - 2. What is c(y)?
-2
Let v = 4 + -2. Suppose o = -v*o + 6. Let j(d) = 3*d**2 + 7*d + 7. Let u(t) = 2*t**2 + 5*t + 5. Let s(g) = 5*j(g) - 7*u(g). What is s(o)?
4
Suppose -i - 14 = 3*a, -31 = 5*i + 3*a - a. Let w(p) = p**3 + 4*p**2 - 7*p - 6. Give w(i).
4
Let w be (35/49)/(2 + 24/(-14)). Let p(x) be the second derivative of -x + 0 - 1/6*x**3 + w*x**2. Determine p(-4).
9
Suppose -15 = 3*t, t - 5*t = 5*g + 80. Let b = g + 12. Let r(w) = -w**2 - w - 4. Determine r(b).
-4
Let o(d) = d**2 + 7*d + 3. Let f be -7 - ((-2)/(-2) + -2). What is o(f)?
-3
Let h be 1/2 + (-7)/2. Suppose -2*y + 7*y + 5 = 0. Let u(z) = -3*z**2 + 7*z. Let v(n) = n**2 - n + 1. Let m(l) = y*u(l) - 4*v(l). Give m(h).
-4
Let c(q) be the third derivative of q**5/60 - 5*q**4/24 - q**3 + 3*q**2. What is c(5)?
-6
Let d be 14/49 + 44/(-7). Let b(o) = o**2 + 7*o + 5. Calculate b(d).
-1
Let z(w) = w**3 - 4*w**2 + 2*w + 2. Let y be z(2). Let c be 4/(-2) - (y - 1). Let x(j) = -8*j + 1. Determine x(c).
-7
Let x(v) = v**2 + 4*v + 1. Suppose -7 = -10*r - 47. Determine x(r).
1
Let s(o) = 6*o**3 - o**2 - 2*o - 1. Let z be 68/238 + ((-9)/7 - 0). What is s(z)?
-6
Let w(r) = -9*r - 6. Let u(q) = -3*q - 2. Let t(l) = 17*u(l) - 6*w(l). Determine t(-6).
-16
Let y(p) = p**3 - p**2 + 1. Let s(k) = -3*k**3 + 8*k**2 + 3. Let i(o) = s(o) + 2*y(o). Calculate i(6).
5
Suppose 0 = 2*a - m - 12, 0 = -2*a - 2*a - 5*m + 10. Let c(d) = -d + 6. Let s be c(4). Let p(r) = 4*r + s - r**2 + 3*r - 3*r. Calculate p(a).
-3
Let l(r) = 2*r + 4. Let y be -1 - (0/3 + -1). Let f = 0 - y. Let a be (3 + f)*(-5)/3. Calculate l(a).
-6
Let f(a) = -a + 1. Let b(s) = 3 + 4 + 0 + 2*s - 3*s. Let c(d) = -b(d) + 6*f(d). Let i = 0 - -1. Give c(i).
-6
Let f = -38 + 39. Let u(a) = 3*a. Determine u(f).
3
Let i = 17 - 22. Let n(c) = -c - 5. Give n(i).
0
Let y(c) = -3*c**2 + 1. Let p be 6/15*(-6 + 1). Let w be p + 2 + (-3)/(-3). Let h be y(w). Let s(g) = 3*g + 3. What is s(h)?
-3
Let u be (-4)/6*(-15)/5. Let r(g) = 0*g**2 + u*g**2 + 2 + 3*g + 1. Determine r(-2).
5
Let x(z) be the first derivative of -z**2 - 12*z + 9. What is x(-8)?
4
Suppose -5*o + 0 - 20 = -s, -4*o - 52 = -2*s. Suppose 4*u - s = -u. Suppose u = v + v. Let x(l) = 5*l - 4. Determine x(v).
11
Let n be -12 + (1 - -3) - -2. Let r(w) = -w**2 - 7*w - 7. Determine r(n).
-1
Let x(c) be the third derivative of c**5/60 + c**4/12 + 18*c**2. What is x(-5)?
15
Suppose -3*p - 24 = 3*j, 0 = -p + 2*j + 2*j + 12. Let s = p - -8. Suppose -v - s*v = -10, 3*v = -d + 7. Let x(h) = -3*h**3 - h. Determine x(d).
-4
Let f(b) = -b**2 - 2*b + 2. Let q be f(-4). Let j(p) = p**2 + 5*p - 3. Let l be j(q). Let h(v) = -4*v - 1 + 2*v - v**3 + 3*v**l. Determine h(-1).
-1
Let l = -6 + 1. Let n(b) = b + 3. What is n(l)?
-2
Let h(i) = i + 9. Let b(j) = j + 8. Let r(n) = -6*b(n) + 5*h(n). Let u be r(-6). Let m(x) = -u*x + 4*x - 2*x. What is m(0)?
0
Let y(d) = 0*d - 25 - 3*d**2 + d - 2*d + 23. Give y(-2).
-12
Let i(h) = -2*h**3 - 2*h**2 - h. Let n be 30/(-6) - 1*-3. Determine i(n).
10
Let b = -5 - -8. Let r(m) = 0 - 3 + 6 + 0 - m**b + 3*m**2. Calculate r(3).
3
Let l(i) = 3*i**2 + 8*i + 4. Let s(r) = 5*r**2 + 15*r + 9. Suppose 0*g = 4*g - 28. Let v(t) = g*l(t) - 4*s(t). Give v(6).
4
Let z(i) = -5*i - i**3 - 29*i**2 - 2*i + 40*i**2 - 19*i**2 - 10. Determine z(-7).
-10
Let c(i) = 6*i - 3*i + 3*i**2 - 4*i + 0*i. Let o(b) = -b + 3. Let q be o(-3). Let j be ((-1)/(-3))/((-2)/q). Give c(j).
4
Let n be 2 + -2 + -1 - -3. Let u(m) = m**n + 2 + 2 - 9*m - 2 + 4. Determine u(4).
-14
Let u(r) be the first derivative of -r**3/3 + 7*r**2/2 + 11*r + 18. Determine u(8).
3
Suppose 0*u = 3*u + 5*x + 2, 4*u - 3*x = 36. Let c(m) be the second derivative of -m**5/20 + 7*m**4/12 - 5*m**3/6 + 3*m. What is c(u)?
6
Let z = 6 - -2. Let f be (z/(-6))/(4/(-12)). Let r(k) = -6*k + 0 + 2 + k**2 + f + 3. Calculate r(6).
9
Let f be -1*-5*3/(-3). Let p = f + 5. Let b(l) be the third derivative of -l**4/24 + l**3/3 + l**2. What is b(p)?
2
Let d(k) be the second derivative of 0*k**2 - 1/6*k**3 + 0*k**4 - 6*k + 1/4*k**5 + 0. Give d(-1).
-4
Let r(p) = -p**2 - 1. Suppose -11 = -3*t - 0*t - b, 0 = 4*t + b - 14. Let m be (-1 - t/(-3)) + -1. Let h = m + 1. What is r(h)?
-1
Suppose -4*q = l + 11, 3*l + 5 = -0*l + 2*q. Let v be (-7)/21 + (-1)/l. Let b(k) = k**3 + k**2 + 8. Calculate b(v).
8
Let b(s) = -20*s - 11 + 7*s**2 - 45*s**2 + 18*s**2. Let z(u) = -7*u**2 - 7*u - 4. Let f(o) = -6*b(o) + 17*z(o). Determine f(2).
4
Let a(x) be the third derivative of 5/6*x**3 + 0*x + 0 - 4*x**2 - 1/24*x**4. Determine a(0).
5
Let a be (-1)/(-2) - (-3)/2. Suppose -5*y - 4 = -4*t, 3*t - 3 = 2*y + a*y. Suppose 2*q = -y*q + 4. Let f(l) = -2*l**3 + 3*l**2 - 2. Determine f(q).
-6
Let s(v) = -v**2 - 8*v + 4. Suppose -18 = 27*a - 25*a. What is s(a)?
-5
Let t be ((-6)/4)/((-9)/18). Let q(i) = -i**2 + 7*i - 4. Determine q(t).
8
Let q(j) = j + 5. Let y(l) = 2*l + 8. Let t = 6 - -2. Let s(r) = t*q(r) - 5*y(r). Determine s(-2).
4
Let a(s) = 9*s**2 - 7*s + 3. Let x(n) = 5*n**2 - 4*n + 2. Let g(b) = -4*a(b) + 7*x(b). What is g(3)?
-7
Let a(r) be the first derivative of -r**4/12 - r**2/2 + 2. Let i(z) be the second derivative of a(z). Let o be -5 + (-2 - 4/(-1)). Give i(o).
6
Let o(v) = 82*v - 82*v + 1 + v**3. Calculate o(0).
1
Let a(q) be the second derivative of 2*q**2 + 4*q - 5/6*q**3 + 0. Suppose 6 = -3*r - 3*l, 0 = 2*r + 6*l - 2*l + 14. What is a(r)?
-11
Let f(o) be the first derivative of -1/3*o**3 - 1/2*o**2 + 3*o - 4. Determine f(0).
3
Let x(o) be the third derivative of -o**8/20160 + o**7/1008 + o**6/720 + o**5/20 - 2*o**2. Let f(y) be the third derivative of x(y). Give f(5).
1
Let u(m) = m - 2*m**2 + 4*m - 2*m + 3 - 6*m. What is u(-3)?
-6
Let w(x) = x**2 + 5*x + 4. Let t = -14 - -11. What is w(t)?
-2
Let g(z) = z + 9. Let v be g(-6). Let w(a) = -a**3 + 3*a**2 + 3. What is w(v)?
3
Suppose 17 = -2*d + 67. Suppose -5*w = -3*a - d, 0*w + 33 = 4*w - 5*a. Let n be 4*(w - 21/12). Let h(y) = -4*y**2 - 2*y + 1. Give h(n).
-5
Let p = 50 + -53. Let f(n) = -2 + 2 - 2*n - 3. What is f(p)?
3
Let o(d) = 2*d**2 + 2*d - 1. Let u = -5 + 7. Suppose 40 = 7*a - u*a. Suppose -2*z = 2*z + a. Give o(z).
3
Let x be 6/(-8) - 86/(-8). Let j be (-1)/(-5) - (-68)/x. Let w be j/2 - (-1)/2. Let l(u) = u**2 - 2*u. What is l(w)?
8
Suppose 2*a - 3*a + 4 = z, 5 = 5*a. Let q(m) = 0 - z + 2*m + 5. Determine q(-4).
-6
Let q(y) = 11*y**3 - 3*y**2 + 29*y - 15. Let x(r) = 5*r**3 - r**2 + 14*r - 7. Let d(g) = 6*q(g) - 13*x(g). Determine d(6).
-11
Let d(c) = -2*c**2 + 1. Suppose f + 1 = -7. Let m = -7 - f. Determine d(m).
-1
Let c(u) be the third derivative of u**4/12 + u**3/3 - 43*u**2. Determine c(-2).
-2
Let t be (-2 + 2)/(2/(-2)). Let u(n) be the first derivative of -5*n - 1/3*n**3 - 1/2*n**2 + 1. Calculate u(t).
-5
Let q(r) = 2*r + r**3 - 5 - 3*r**2 - r**2 + 9*r**2. Let v(b) = -b**2 + 7*b - 3. Let w be v(6). Let c = w - 7. What is q(c)?
3
Let f(y) be the second derivative of y**4/12 - y**3 - 3*y**2/2 - 3*y. Give f(6).
-3
Let g(a) = -8*a**2 - 7*a - 4. Let q(b) = 3*b**2 + 2*b + 1. Let w(o) = 4*g(o) + 11*q(o). Let k(l) = l**2 - 4*l + 5. Let y be k(4). Calculate w(y).
-10
Let n(z) = -z**2 - z - 3. Let u(o) = -o**3 - 2*o**2 - o - 4. Let p(q) = 4*n(q) - 3*u(q). Let a be p(1). Let b(t) = -t**3 + 4*t**2 + t - 4. Give b(a).
0
Let a(l) be the second derivative of -l**4/12 - 3*l**3/2 + 13*l**2/2 - 11*l. What is a(-10)?
3
Let r(t) be the first derivative of t**2/2 + 2*t - 15. Let c = -2 + -2. Determine r(c).
-2
Let b(x) be the second derivative of -x**5/20 - x**4/6 + 2*x**3/3 + 3*x**2/2 - x. Let y be b(-3). Let i(c) = -4*c**3 + 0*c**3 + y*c**2 + c**2. Calculate i(1).
-3
Let v(b) = b**2 + 2. Let g = -7 - -9. Suppose y - g*i - 1 = 1, -4*y = 3*i + 3. Let r be v(y). Let q(z) = z**3 - 3*z**2 + 4*z - 3. Determine q(r).
1
Let s(x) be the second derivative of 2*x**2 + 2*x + 0 + 1/3*x**3 - 1/8*x**4. Let p(m) be the first derivative of s(m). Give p(3).
-7
Let x(s) be the second derivative of s**5/60 - s**4/24 - 5*s**3/3 + s**2/2 - 4*s. Let q(w) be the first derivative of x(w). Give q(0).
-10
Let a(r) be the third derivative of r**6/120 - r**5/30 + r**3/6 + 3*r**2. Give a(2).
1
Suppose 0 = -5*a + 15 - 5. Let q(j) be the first derivative of j**4/4 - 4*j**3/3 + 2*j**2 - 3*j + 1. Calculate q(